{"id":191,"date":"2025-01-24T08:52:48","date_gmt":"2025-01-24T11:52:48","guid":{"rendered":"https:\/\/sistema.rkrjuridica.com.br\/?page_id=191"},"modified":"2025-08-05T15:03:10","modified_gmt":"2025-08-05T18:03:10","slug":"form01-2","status":"publish","type":"page","link":"https:\/\/sistema.rkrjuridica.com.br\/","title":{"rendered":"Form2"},"content":{"rendered":"\t\t<div data-elementor-type=\"wp-page\" data-elementor-id=\"191\" class=\"elementor elementor-191\" data-elementor-post-type=\"page\">\n\t\t\t\t<div class=\"elementor-element elementor-element-f844f58 e-flex e-con-boxed e-con e-parent\" data-id=\"f844f58\" data-element_type=\"container\">\n\t\t\t\t\t<div class=\"e-con-inner\">\n\t\t<div class=\"elementor-element elementor-element-fabc2b5 e-con-full e-flex e-con e-child\" data-id=\"fabc2b5\" data-element_type=\"container\">\n\t\t<div class=\"elementor-element elementor-element-e6eb356 e-con-full e-flex e-con e-child\" data-id=\"e6eb356\" data-element_type=\"container\">\n\t\t\t\t<div class=\"elementor-element elementor-element-77de7cd elementor-widget elementor-widget-image\" data-id=\"77de7cd\" data-element_type=\"widget\" data-widget_type=\"image.default\">\n\t\t\t\t<div class=\"elementor-widget-container\">\n\t\t\t\t\t\t\t\t\t\t\t\t\t\t\t<img decoding=\"async\" width=\"300\" height=\"106\" src=\"https:\/\/sistema.rkrjuridica.com.br\/wp-content\/uploads\/2025\/01\/logo-rkr.png\" class=\"attachment-large size-large wp-image-17\" alt=\"\" \/>\t\t\t\t\t\t\t\t\t\t\t\t\t\t\t<\/div>\n\t\t\t\t<\/div>\n\t\t\t\t<\/div>\n\t\t<div class=\"elementor-element elementor-element-fa9d56d e-con-full e-flex e-con e-child\" data-id=\"fa9d56d\" data-element_type=\"container\">\n\t\t\t\t<div class=\"elementor-element elementor-element-cf0a9a8 elementor-widget elementor-widget-button\" data-id=\"cf0a9a8\" data-element_type=\"widget\" data-widget_type=\"button.default\">\n\t\t\t\t<div class=\"elementor-widget-container\">\n\t\t\t\t\t\t\t\t\t<div class=\"elementor-button-wrapper\">\n\t\t\t\t\t<a class=\"elementor-button elementor-button-link elementor-size-sm elementor-animation-pulse\" href=\"https:\/\/sistema.rkrjuridica.com.br\/?page_id=438\">\n\t\t\t\t\t\t<span class=\"elementor-button-content-wrapper\">\n\t\t\t\t\t\t\t\t\t<span class=\"elementor-button-text\">Agendar Hor\u00e1rio <\/span>\n\t\t\t\t\t<\/span>\n\t\t\t\t\t<\/a>\n\t\t\t\t<\/div>\n\t\t\t\t\t\t\t\t<\/div>\n\t\t\t\t<\/div>\n\t\t\t\t<\/div>\n\t\t<div class=\"elementor-element elementor-element-74e9a7e e-con-full e-flex e-con e-child\" data-id=\"74e9a7e\" data-element_type=\"container\">\n\t\t\t\t<div class=\"elementor-element elementor-element-b83d54d elementor-widget elementor-widget-button\" data-id=\"b83d54d\" data-element_type=\"widget\" data-widget_type=\"button.default\">\n\t\t\t\t<div class=\"elementor-widget-container\">\n\t\t\t\t\t\t\t\t\t<div class=\"elementor-button-wrapper\">\n\t\t\t\t\t<a class=\"elementor-button elementor-button-link elementor-size-sm elementor-animation-pulse\" href=\"https:\/\/www.rkrjuridica.com.br\">\n\t\t\t\t\t\t<span class=\"elementor-button-content-wrapper\">\n\t\t\t\t\t\t\t\t\t<span class=\"elementor-button-text\">IR ao site RKRC<\/span>\n\t\t\t\t\t<\/span>\n\t\t\t\t\t<\/a>\n\t\t\t\t<\/div>\n\t\t\t\t\t\t\t\t<\/div>\n\t\t\t\t<\/div>\n\t\t\t\t<\/div>\n\t\t\t\t<\/div>\n\t\t\t\t\t<\/div>\n\t\t\t\t<\/div>\n\t\t<div class=\"elementor-element elementor-element-727ac02 e-con-full e-flex e-con e-parent\" data-id=\"727ac02\" data-element_type=\"container\">\n\t\t\t\t<div class=\"elementor-element elementor-element-44279a0 elementor-widget elementor-widget-heading\" data-id=\"44279a0\" data-element_type=\"widget\" data-widget_type=\"heading.default\">\n\t\t\t\t<div class=\"elementor-widget-container\">\n\t\t\t\t\t<h2 class=\"elementor-heading-title elementor-size-default\">Sistema de Cadastro RKRC Consultoria Jur\u00eddica\n<\/h2>\t\t\t\t<\/div>\n\t\t\t\t<\/div>\n\t\t\t\t<div class=\"elementor-element elementor-element-67ac1e0 elementor-widget elementor-widget-html\" data-id=\"67ac1e0\" data-element_type=\"widget\" data-widget_type=\"html.default\">\n\t\t\t\t<div class=\"elementor-widget-container\">\n\t\t\t\t\t<!DOCTYPE html>\n<html lang=\"pt-BR\">\n<head>\n    <meta charset=\"UTF-8\">\n    <meta name=\"viewport\" content=\"width=device-width, initial-scale=1.0\">\n    <title>Formul\u00e1rio<\/title>\n    <style>\n        .form-group {\n            margin-bottom: 15px;\n        }\n        .form-row {\n            display: flex;\n            gap: 15px;\n        }\n        .form-row .form-group {\n            flex: 1;\n        }\n        label {\n            display: block;\n            margin-bottom: 5px;\n            font-weight: bold;\n        }\n        input, select {\n            width: 100%;\n            padding: 8px;\n            border: 1px solid #ccc;\n            border-radius: 4px;\n            box-sizing: border-box;\n        }\n        input[type=\"radio\"] {\n            width: auto;\n            margin-right: 5px;\n        }\n        input[type=\"checkbox\"] {\n            width: auto;\n        }\n        input[type=\"submit\"] {\n            background-color: #003D68; \/* Cor original *\/\n            color: white;\n            padding: 14px 20px;\n            margin: 8px 0;\n            border: none;\n            border-radius: 4px;\n            cursor: pointer;\n            font-size: 16px;\n        }\n        input[type=\"submit\"]:hover {\n            background-color: #45a049;\n        }\n        .sucesso-msg {\n            color: green;\n            font-weight: bold;\n            margin-top: 10px;\n        }\n        .container10 {\n            display: flex;\n            align-items: center;\n        }\n        .col-10 {\n            flex: 0 0 10%;\n        }\n        .col-90 {\n            flex: 0 0 90%;\n        }\n        @media (max-width: 600px) {\n            .form-row {\n                flex-direction: column;\n            }\n        }\n    <\/style>\n<\/head>\n<body>\n\n<form id=\"meuFormulario\" onsubmit=\"enviarFormulario(event)\">\n    <div class=\"form-group\">\n        <label for=\"nome\">Nome: *<\/label>\n        <input type=\"text\" id=\"nome\" name=\"nome\" required>\n    <\/div>\n\n    <div class=\"form-row\">\n        <div class=\"form-group\">\n            <label for=\"profissional\">Profissional: *<\/label>\n            <input type=\"radio\" name=\"profissional\" value=\"Engenheiro\" required> \n            <span>Engenheiro<\/span>\n            <input type=\"radio\" name=\"profissional\" value=\"T\u00e9cnico\"> \n            <span>T\u00e9cnico<\/span>\n            <input type=\"radio\" name=\"profissional\" value=\"Contador\"> \n            <span>Contador<\/span>\n            <input type=\"radio\" name=\"profissional\" value=\"Economista\"> \n            <span>Economista<\/span>\n        <\/div>\n        <div class=\"form-group\">\n            <label for=\"empresa\">Empresa:<\/label>\n            <input type=\"text\" id=\"empresa\" name=\"empresa\">\n        <\/div>\n    <\/div>\n\n    <div class=\"form-group\">\n        <label for=\"endereco\">Endere\u00e7o: *<\/label>\n        <input type=\"text\" id=\"endereco\" name=\"endereco\" required>\n    <\/div>\n\n    <div class=\"form-group\">\n        <label for=\"complemento\">Complemento do Endere\u00e7o:<\/label>\n        <input type=\"text\" id=\"complemento\" name=\"complemento\">\n    <\/div>\n\n    <div class=\"form-group\">\n        <label for=\"bairro\">Bairro: *<\/label>\n        <input type=\"text\" id=\"bairro\" name=\"bairro\" required>\n    <\/div>\n\n    <div class=\"form-row\">\n        <div class=\"form-group\">\n            <label for=\"cidade\">Cidade: *<\/label>\n            <input type=\"text\" id=\"cidade\" name=\"cidade\" required>\n        <\/div>\n\n        <div class=\"form-group\">\n            <label for=\"estado\">Estado: *<\/label>\n            <select id=\"estado\" name=\"estado\" required>\n                <option value=\"\">Selecione...<\/option>\n                <option value=\"AC\">AC<\/option>\n                <option value=\"AL\">AL<\/option>\n                <option value=\"AP\">AP<\/option>\n                <option value=\"AM\">AM<\/option>\n                <option value=\"BA\">BA<\/option>\n                <option value=\"CE\">CE<\/option>\n                <option value=\"DF\">DF<\/option>\n                <option value=\"ES\">ES<\/option>\n                <option value=\"GO\">GO<\/option>\n                <option value=\"MA\">MA<\/option>\n                <option value=\"MT\">MT<\/option>\n                <option value=\"MS\">MS<\/option>\n                <option value=\"MG\">MG<\/option>\n                <option value=\"PA\">PA<\/option>\n                <option value=\"PB\">PB<\/option>\n                <option value=\"PR\">PR<\/option>\n                <option value=\"PE\">PE<\/option>\n                <option value=\"PI\">PI<\/option>\n                <option value=\"RJ\">RJ<\/option>\n                <option value=\"RN\">RN<\/option>\n                <option value=\"RS\">RS<\/option>\n                <option value=\"RO\">RO<\/option>\n                <option value=\"RR\">RR<\/option>\n                <option value=\"SC\">SC<\/option>\n                <option value=\"SP\">SP<\/option>\n                <option value=\"SE\">SE<\/option>\n                <option value=\"TO\">TO<\/option>\n            <\/select>\n        <\/div>\n    <\/div>\n\n    <div class=\"form-row\">\n        <div class=\"form-group\">\n            <label for=\"cep\">CEP: *<\/label>\n            <input type=\"text\" id=\"cep\" name=\"cep\" required>\n        <\/div>\n\n        <div class=\"form-group\">\n            <label for=\"email\">Email: *<\/label>\n            <input type=\"email\" id=\"email\" name=\"email\" required>\n        <\/div>\n    <\/div>\n\n    <div class=\"form-row\">\n        <div class=\"form-group\">\n            <label for=\"whatsapp\">WhatsApp: *<\/label>\n            <input type=\"text\" id=\"whatsapp\" name=\"whatsapp\" required oninput=\"maskPhone(this)\">\n        <\/div>\n\n        <div class=\"form-group\">\n            <label for=\"cpf\">CPF: *<\/label>\n            <input type=\"text\" id=\"cpf\" name=\"cpf\" oninput=\"mascaraCPF(this)\" placeholder=\"000.000.000-00\" required>\n        <\/div>\n    <\/div>\n\n    <div class=\"form-row\">\n        <div class=\"form-group\">\n            <label for=\"nomeBanco\">Nome do Banco: *<\/label>\n            <input type=\"text\" id=\"nomeBanco\" name=\"nomeBanco\" required>\n        <\/div>\n\n        <div class=\"form-group\">\n            <label for=\"codigoBanco\">C\u00f3digo do Banco: *<\/label>\n            <input type=\"text\" id=\"codigoBanco\" name=\"codigoBanco\" required>\n        <\/div>\n    <\/div>\n\n    <div class=\"form-row\">\n        <div class=\"form-group\">\n            <label for=\"agencia\">Ag\u00eancia: *<\/label>\n            <input type=\"text\" id=\"agencia\" name=\"agencia\" required>\n        <\/div>\n\n        <div class=\"form-group\">\n            <label for=\"conta\">Conta: *<\/label>\n            <input type=\"text\" id=\"conta\" name=\"conta\" required>\n        <\/div>\n    <\/div>\n\n    <div class=\"form-row\">\n        <div class=\"form-group\">\n            <label for=\"nomeTitular\">Nome do Titular: *<\/label>\n            <input type=\"text\" id=\"nomeTitular\" name=\"nomeTitular\" required>\n        <\/div>\n\n        <div class=\"form-group\">\n            <label for=\"tipoConta\">Tipo de Conta Banc\u00e1ria: *<\/label>\n            <select id=\"tipoConta\" name=\"tipoConta\" required>\n                <option value=\"\">Selecione...<\/option>\n                <option value=\"Poupan\u00e7a\">Poupan\u00e7a<\/option>\n                <option value=\"Conta Corrente\">Conta Corrente<\/option>\n                <option value=\"Conta Sal\u00e1rio\">Conta Sal\u00e1rio<\/option>\n                <option value=\"Conta Empresarial\">Conta Empresarial<\/option>\n                <option value=\"Outra\">Outra<\/option>\n            <\/select>\n        <\/div>\n    <\/div>\n\n    <input type=\"submit\" value=\"Enviar dados\">\n    <div class=\"sucesso-msg\" id=\"sucessoMsg\" style=\"display:none;\">Mensagem enviada com sucesso!<\/div>\n<\/form>\n\n<script>\n    document.addEventListener(\"DOMContentLoaded\", function() {\n        const sucessoMsg = document.getElementById(\"sucessoMsg\");\n        const form = document.getElementById(\"meuFormulario\");\n\n        form.addEventListener(\"submit\", function(event) {\n            event.preventDefault(); \/\/ Impede o envio padr\u00e3o\n\n            const data = {\n                nome: document.getElementById('nome').value,\n                profissional: document.querySelector('input[name=\"profissional\"]:checked') ? document.querySelector('input[name=\"profissional\"]:checked').value : '',\n                empresa: document.getElementById('empresa').value, \/\/ Novo campo\n                endereco: document.getElementById('endereco').value,\n                complemento: document.getElementById('complemento').value,\n                bairro: document.getElementById('bairro').value,\n                cidade: document.getElementById('cidade').value,\n                estado: document.getElementById('estado').value,\n                cep: document.getElementById('cep').value,\n                email: document.getElementById('email').value,\n                cpf: document.getElementById(\"cpf\").value,\n                whatsapp: document.getElementById(\"whatsapp\").value,\n                nomeBanco: document.getElementById('nomeBanco').value,\n                codigoBanco: document.getElementById('codigoBanco').value,\n                agencia: document.getElementById('agencia').value,\n                conta: document.getElementById('conta').value,\n                nomeTitular: document.getElementById('nomeTitular').value,\n                tipoConta: document.getElementById('tipoConta').value\n            };\n\n            fetch('https:\/\/webhookn8n.webferraogroup.com.br\/webhook\/rkr', {\n                method: 'POST',\n                headers: { 'Content-Type': 'application\/json' },\n                body: JSON.stringify(data),\n            })\n            .then(response => response.json())\n            .then(data => {\n                console.log('Sucesso:', data);\n                sucessoMsg.style.display = \"block\"; \n                setTimeout(() => sucessoMsg.style.display = \"none\", 3000); \n\n                form.reset();\n            })\n            .catch(error => {\n                console.error('Erro:', error);\n                alert('Houve um erro ao enviar o formul\u00e1rio.');\n            });\n        });\n    });\n\n    function mascaraCPF(input) {\n        let value = input.value.replace(\/\\D\/g, '');\n        if (value.length <= 3) {\n            input.value = value;\n        } else if (value.length <= 6) {\n            input.value = value.replace(\/(\\d{3})(\\d{1,})\/, '$1.$2');\n        } else if (value.length <= 9) {\n            input.value = value.replace(\/(\\d{3})(\\d{3})(\\d{1,})\/, '$1.$2.$3');\n        } else if (value.length <= 11) {\n            input.value = value.replace(\/(\\d{3})(\\d{3})(\\d{3})(\\d{1,})\/, '$1.$2.$3-$4');\n        } else {\n            input.value = value.slice(0, 11); \n        }\n    }\n\n    function maskPhone(input) {\n        const value = input.value.replace(\/\\D\/g, '');\n        const formattedValue = value.replace(\/(\\d{2})(\\d{5})(\\d{4})\/, '($1) $2-$3');\n        input.value = formattedValue;\n    }\n<\/script>\n\n<\/body>\n<\/html>\t\t\t\t<\/div>\n\t\t\t\t<\/div>\n\t\t\t\t<\/div>\n\t\t\t\t<\/div>\n\t\t","protected":false},"excerpt":{"rendered":"<p>Agendar Hor\u00e1rio IR ao site RKRC Sistema de Cadastro RKRC Consultoria Jur\u00eddica Formul\u00e1rio Nome: * Profissional: * Engenheiro T\u00e9cnico Contador Economista Empresa: Endere\u00e7o: * Complemento do Endere\u00e7o: Bairro: * Cidade: * Estado: * Selecione&#8230;ACALAPAMBACEDFESGOMAMTMSMGPAPBPRPEPIRJRNRSRORRSCSPSETO CEP: * Email: * WhatsApp: * CPF: * Nome do Banco: * C\u00f3digo do Banco: * Ag\u00eancia: * Conta: * Nome [&hellip;]<\/p>\n","protected":false},"author":1,"featured_media":0,"parent":0,"menu_order":0,"comment_status":"closed","ping_status":"closed","template":"elementor_canvas","meta":{"footnotes":""},"class_list":["post-191","page","type-page","status-publish","hentry"],"_links":{"self":[{"href":"https:\/\/sistema.rkrjuridica.com.br\/index.php?rest_route=\/wp\/v2\/pages\/191","targetHints":{"allow":["GET"]}}],"collection":[{"href":"https:\/\/sistema.rkrjuridica.com.br\/index.php?rest_route=\/wp\/v2\/pages"}],"about":[{"href":"https:\/\/sistema.rkrjuridica.com.br\/index.php?rest_route=\/wp\/v2\/types\/page"}],"author":[{"embeddable":true,"href":"https:\/\/sistema.rkrjuridica.com.br\/index.php?rest_route=\/wp\/v2\/users\/1"}],"replies":[{"embeddable":true,"href":"https:\/\/sistema.rkrjuridica.com.br\/index.php?rest_route=%2Fwp%2Fv2%2Fcomments&post=191"}],"version-history":[{"count":230,"href":"https:\/\/sistema.rkrjuridica.com.br\/index.php?rest_route=\/wp\/v2\/pages\/191\/revisions"}],"predecessor-version":[{"id":469,"href":"https:\/\/sistema.rkrjuridica.com.br\/index.php?rest_route=\/wp\/v2\/pages\/191\/revisions\/469"}],"wp:attachment":[{"href":"https:\/\/sistema.rkrjuridica.com.br\/index.php?rest_route=%2Fwp%2Fv2%2Fmedia&parent=191"}],"curies":[{"name":"wp","href":"https:\/\/api.w.org\/{rel}","templated":true}]}}